{"id":2922,"date":"2019-02-01T18:54:57","date_gmt":"2019-02-01T20:54:57","guid":{"rendered":"http:\/\/site.univesp.br\/?page_id=2922"},"modified":"2021-07-02T16:34:53","modified_gmt":"2021-07-02T19:34:53","slug":"o-que-e-rea","status":"publish","type":"page","link":"https:\/\/apps.univesp.br\/repositorio\/o-que-e-rea\/","title":{"rendered":"O que \u00e9 REA?"},"content":{"rendered":"\n<h2 class=\"wp-block-heading\">O que \u00e9 REA?<\/h2>\n\n\n\n<p>Podemos definir um Recurso Educacional Aberto como:<\/p>\n\n\n\n<blockquote class=\"wp-block-quote is-layout-flow wp-block-quote-is-layout-flow\"><p>\u201cMateriais de ensino, aprendizado e pesquisa em qualquer suporte ou m\u00eddia, que est\u00e3o sob dom\u00ednio p\u00fablico, ou est\u00e3o licenciados de maneira aberta, permitindo que sejam utilizados ou adaptados por terceiros. O uso de formatos t\u00e9cnicos abertos facilita o acesso e o reuso potencial dos recursos publicados digitalmente. Recursos Educacionais Abertos podem incluir cursos completos, partes de cursos, m\u00f3dulos, livros did\u00e1ticos, artigos de pesquisa, v\u00eddeos, testes, software e qualquer outra ferramenta, material ou t\u00e9cnica que possa apoiar o acesso ao conhecimento\u201d <\/p><\/blockquote>\n\n\n\n<p class=\"has-text-align-right\"><strong>UNESCO<\/strong><\/p>\n\n\n\n<p>Mais do que um recurso ou um material digital, o REA \u00e9 um processo de engajamento com recursos did\u00e1ticos, focado em usar e adaptar o que foi criado por outros para o seu pr\u00f3prio uso; compartilhar o que voc\u00ea cria sozinho ou em conjunto com outros professores\/alunos e compartilhar novamente o material que voc\u00ea adaptou, de forma que outros usu\u00e1rios possam ser beneficiados.<\/p>\n\n\n\n<div style=\"height:20px\" aria-hidden=\"true\" class=\"wp-block-spacer\"><\/div>\n\n\n\n<div class=\"wp-block-ugb-divider ugb-divider ugb-87b1116 ugb-divider--v2 ugb-divider--design-basic ugb-main-block\"><style>.ugb-87b1116 hr.ugb-divider__hr{background-color:#dddddd !important;height:1px !important;width:50% !important;margin-left:auto !important;margin-right:auto !important}.ugb-87b1116 .ugb-inner-block{text-align:center}<\/style><div class=\"ugb-inner-block\"><div class=\"ugb-block-content\"><hr class=\"ugb-divider__hr\"\/><\/div><\/div><\/div>\n\n\n\n<div style=\"height:20px\" aria-hidden=\"true\" class=\"wp-block-spacer\"><\/div>\n\n\n\n<h4 class=\"wp-block-heading\">Como a Univesp utiliza REA?<\/h4>\n\n\n\n<div class=\"wp-block-cover has-sitetext-background-color\" style=\"background-image:url(http:\/\/apps.univesp.br\/repositorio\/wp-content\/uploads\/2019\/03\/camila.jpg)\"><div class=\"wp-block-cover__inner-container is-layout-flow wp-block-cover-is-layout-flow\">\n<p class=\"has-text-align-center has-large-font-size\"><\/p>\n<\/div><\/div>\n\n\n\n<p>\u00c9 dif\u00edcil pensar em um curso a dist\u00e2ncia sem relacionar a educa\u00e7\u00e3o com o uso da tecnologia, n\u00e3o \u00e9 mesmo? Na EaD, ela deve estar a servi\u00e7o do processo de aprendizagem, contribuindo de maneira significativa nesse processo.<\/p>\n\n\n\n<p>Nesse sentido, um dos elementos que podemos utilizar para potencializar a aprendizagem \u00e9 o REA (Recurso Educacional Aberto). Mas como \u00e9 definido onde ele ser\u00e1 utilizado e como ele funcionar\u00e1? Aqui, tudo nasce de uma miss\u00e3o: <\/p>\n\n\n\n<p class=\"uni-p-destaque has-accent-1-color has-text-color has-regular-font-size\">Proporcionar a melhor experi\u00eancia de aprendizagem para o aluno e fazer com que ele compreenda e retenha o conte\u00fado trabalhado da melhor maneira.<\/p>\n\n\n\n<p>Costuma ser assim: ap\u00f3s a an\u00e1lise do conte\u00fado, a equipe de produ\u00e7\u00e3o e cria\u00e7\u00e3o trabalha em parceria com o professor da disciplina para elaborar o roteiro do REA, e em seguida desenvolv\u00ea-lo. Voc\u00ea vai entender mais sobre esse processo na pr\u00f3xima se\u00e7\u00e3o &#8211; <em>A produ\u00e7\u00e3o de REAs na Univesp<\/em>.<\/p>\n\n\n\n<p>Estamos sempre em melhoria cont\u00ednua, por isso \u00e9 fundamental acompanhar os resultados dos REAs desenvolvidos. &nbsp;Para isso, medimos continuamente a satisfa\u00e7\u00e3o dos alunos por meio de avalia\u00e7\u00f5es quantitativas e qualitativas. Disponibilizamos em cada REA um formul\u00e1rio para o aluno avaliar o recurso, em aspectos como performance, est\u00e9tica e design, feedback ao usu\u00e1rio e principalmente a avalia\u00e7\u00e3o do quanto aquele recurso contribui para a sua aprendizagem. Al\u00e9m disso, acompanhamos os n\u00fameros de acesso, o tempo de perman\u00eancia dos alunos no recurso, e por qual tipo de dispositivo ele \u00e9 acessado. Assim, conseguimos ser cada vez mais assertivos de acordo com o nosso principal p\u00fablico-alvo: os estudantes Univesp.<\/p>\n\n\n\n<p>Encaramos o desafio de desenvolver recursos educacionais que estejam em concord\u00e2ncia com o nosso modelo pedag\u00f3gico e tendo como norteadoras as caracter\u00edsticas dos nossos alunos e o contexto em que aquele conte\u00fado ser\u00e1 aplicado. Sempre buscamos aproveitar o m\u00e1ximo que a tecnologia pode proporcionar, mas sem perder o foco nas necessidades do aluno e nos objetivos de aprendizagem.<\/p>\n\n\n\n<div style=\"height:20px\" aria-hidden=\"true\" class=\"wp-block-spacer\"><\/div>\n\n\n\n<div class=\"wp-block-ugb-divider ugb-divider ugb-c2a3951 ugb-divider--v2 ugb-divider--design-basic ugb-main-block\"><style>.ugb-c2a3951 hr.ugb-divider__hr{background-color:#dddddd !important;height:1px !important;width:50% !important;margin-left:auto !important;margin-right:auto !important}.ugb-c2a3951 .ugb-inner-block{text-align:center}<\/style><div class=\"ugb-inner-block\"><div class=\"ugb-block-content\"><hr class=\"ugb-divider__hr\"\/><\/div><\/div><\/div>\n\n\n\n<div style=\"height:20px\" aria-hidden=\"true\" class=\"wp-block-spacer\"><\/div>\n\n\n\n<h4 class=\"wp-block-heading\">A produ\u00e7\u00e3o de REAs na Univesp<\/h4>\n\n\n\n<figure class=\"wp-block-embed-youtube wp-block-embed is-type-video is-provider-youtube wp-embed-aspect-16-9 wp-has-aspect-ratio\"><div class=\"wp-block-embed__wrapper\">\n<span class=\"embed-youtube\" style=\"text-align:center; display: block;\"><iframe class=\"youtube-player\" width=\"522\" height=\"294\" src=\"https:\/\/www.youtube.com\/embed\/KMnvaJF6GaI?version=3&#038;rel=1&#038;showsearch=0&#038;showinfo=1&#038;iv_load_policy=1&#038;fs=1&#038;hl=pt-BR&#038;autohide=2&#038;wmode=transparent\" allowfullscreen=\"true\" style=\"border:0;\" sandbox=\"allow-scripts allow-same-origin allow-popups allow-presentation\"><\/iframe><\/span>\n<\/div><\/figure>\n\n\n\n<div style=\"height:20px\" aria-hidden=\"true\" class=\"wp-block-spacer\"><\/div>\n\n\n\n<div class=\"wp-block-ugb-divider ugb-divider ugb-9bd25a0 ugb-divider--v2 ugb-divider--design-basic ugb-main-block\"><style>.ugb-9bd25a0 hr.ugb-divider__hr{background-color:#dddddd !important;height:1px !important;width:50% !important;margin-left:auto !important;margin-right:auto !important}.ugb-9bd25a0 .ugb-inner-block{text-align:center}<\/style><div class=\"ugb-inner-block\"><div class=\"ugb-block-content\"><hr class=\"ugb-divider__hr\"\/><\/div><\/div><\/div>\n\n\n\n<div style=\"height:20px\" aria-hidden=\"true\" class=\"wp-block-spacer\"><\/div>\n\n\n\n<h4 class=\"wp-block-heading\">Depoimentos de alunos<\/h4>\n\n\n\n<div style=\"height:20px\" aria-hidden=\"true\" class=\"wp-block-spacer\"><\/div>\n\n\n\n<blockquote class=\"wp-block-ugb-blockquote ugb-blockquote ugb-blockquote--v2 ugb--background-opacity-5 ugb-blockquote--small-quote uni-quote ugb-1c20421 ugb-blockquote--v3 ugb-blockquote--design-plain ugb-main-block\"><style>.ugb-1c20421 .ugb-blockquote__quote{width:70px !important;height:70px !important}<\/style><div class=\"ugb-inner-block\"><div class=\"ugb-block-content\"><div class=\"ugb-blockquote__item\"><svg viewbox=\"0 0 50 50\" xmlns=\"http:\/\/www.w3.org\/2000\/svg\" class=\"ugb-blockquote__quote\" width=\"70\" height=\"70\"><path d=\"M19.8 9.3C10.5 11.8 4.6 17 2.1 24.8c2.3-3.6 5.6-5.4 9.9-5.4 3.3 0 6 1.1 8.3 3.3 2.2 2.2 3.4 5 3.4 8.3 0 3.2-1.1 5.8-3.3 8-2.2 2.2-5.1 3.2-8.7 3.2-3.7 0-6.5-1.2-8.6-3.5C1 36.3 0 33.1 0 29 0 18.3 6.5 11.2 19.6 7.9l.2 1.4zm26.4 0C36.9 11.9 31 17 28.5 24.8c2.2-3.6 5.5-5.4 9.8-5.4 3.2 0 6 1.1 8.3 3.2 2.3 2.2 3.4 4.9 3.4 8.3 0 3.1-1.1 5.8-3.3 7.9-2.2 2.2-5.1 3.3-8.6 3.3-3.7 0-6.6-1.1-8.6-3.4-2.1-2.3-3.1-5.5-3.1-9.7 0-10.7 6.6-17.8 19.7-21.1l.1 1.4z\"><\/path><\/svg><div class=\"ugb-blockquote__content\"><p class=\"ugb-blockquote__text\"> Amo quando a Univesp disponibiliza esses recursos, fica mais din\u00e2mico e d\u00e1 mais \u00e2nimo para estudar.<\/p><\/div><\/div><\/div><\/div><\/blockquote>\n\n\n\n<blockquote class=\"wp-block-ugb-blockquote ugb-blockquote ugb-blockquote--v2 ugb--background-opacity-5 ugb-blockquote--small-quote uni-quote ugb-07cb472 ugb-blockquote--v3 ugb-blockquote--design-plain ugb-main-block\"><style>.ugb-07cb472 .ugb-blockquote__quote{width:70px !important;height:70px !important}<\/style><div class=\"ugb-inner-block\"><div class=\"ugb-block-content\"><div class=\"ugb-blockquote__item\"><svg viewbox=\"0 0 50 50\" xmlns=\"http:\/\/www.w3.org\/2000\/svg\" class=\"ugb-blockquote__quote\" width=\"70\" height=\"70\"><path d=\"M19.8 9.3C10.5 11.8 4.6 17 2.1 24.8c2.3-3.6 5.6-5.4 9.9-5.4 3.3 0 6 1.1 8.3 3.3 2.2 2.2 3.4 5 3.4 8.3 0 3.2-1.1 5.8-3.3 8-2.2 2.2-5.1 3.2-8.7 3.2-3.7 0-6.5-1.2-8.6-3.5C1 36.3 0 33.1 0 29 0 18.3 6.5 11.2 19.6 7.9l.2 1.4zm26.4 0C36.9 11.9 31 17 28.5 24.8c2.2-3.6 5.5-5.4 9.8-5.4 3.2 0 6 1.1 8.3 3.2 2.3 2.2 3.4 4.9 3.4 8.3 0 3.1-1.1 5.8-3.3 7.9-2.2 2.2-5.1 3.3-8.6 3.3-3.7 0-6.6-1.1-8.6-3.4-2.1-2.3-3.1-5.5-3.1-9.7 0-10.7 6.6-17.8 19.7-21.1l.1 1.4z\"><\/path><\/svg><div class=\"ugb-blockquote__content\"><p class=\"ugb-blockquote__text\"> Aprendizado de maneira l\u00fadica, com clareza e objetividade .<\/p><\/div><\/div><\/div><\/div><\/blockquote>\n\n\n\n<blockquote class=\"wp-block-ugb-blockquote ugb-blockquote ugb-blockquote--v2 ugb--background-opacity-5 ugb-blockquote--small-quote uni-quote ugb-b365ae0 ugb-blockquote--v3 ugb-blockquote--design-plain ugb-main-block\"><style>.ugb-b365ae0 .ugb-blockquote__quote{width:70px !important;height:70px !important}<\/style><div class=\"ugb-inner-block\"><div class=\"ugb-block-content\"><div class=\"ugb-blockquote__item\"><svg viewbox=\"0 0 50 50\" xmlns=\"http:\/\/www.w3.org\/2000\/svg\" class=\"ugb-blockquote__quote\" width=\"70\" height=\"70\"><path d=\"M19.8 9.3C10.5 11.8 4.6 17 2.1 24.8c2.3-3.6 5.6-5.4 9.9-5.4 3.3 0 6 1.1 8.3 3.3 2.2 2.2 3.4 5 3.4 8.3 0 3.2-1.1 5.8-3.3 8-2.2 2.2-5.1 3.2-8.7 3.2-3.7 0-6.5-1.2-8.6-3.5C1 36.3 0 33.1 0 29 0 18.3 6.5 11.2 19.6 7.9l.2 1.4zm26.4 0C36.9 11.9 31 17 28.5 24.8c2.2-3.6 5.5-5.4 9.8-5.4 3.2 0 6 1.1 8.3 3.2 2.3 2.2 3.4 4.9 3.4 8.3 0 3.1-1.1 5.8-3.3 7.9-2.2 2.2-5.1 3.3-8.6 3.3-3.7 0-6.6-1.1-8.6-3.4-2.1-2.3-3.1-5.5-3.1-9.7 0-10.7 6.6-17.8 19.7-21.1l.1 1.4z\"><\/path><\/svg><div class=\"ugb-blockquote__content\"><p class=\"ugb-blockquote__text\"> Parab\u00e9ns pelo uso de recursos diferenciados para incremento da nossa aprendizagem. <\/p><\/div><\/div><\/div><\/div><\/blockquote>\n\n\n\n<div style=\"height:20px\" aria-hidden=\"true\" class=\"wp-block-spacer\"><\/div>\n\n\n\n<div class=\"wp-block-ugb-divider ugb-divider ugb-19f8462 ugb-divider--v2 ugb-divider--design-basic ugb-main-block\"><style>.ugb-19f8462 hr.ugb-divider__hr{background-color:#dddddd !important;height:1px !important;width:50% !important;margin-left:auto !important;margin-right:auto !important}.ugb-19f8462 .ugb-inner-block{text-align:center}<\/style><div class=\"ugb-inner-block\"><div class=\"ugb-block-content\"><hr class=\"ugb-divider__hr\"\/><\/div><\/div><\/div>\n\n\n\n<div style=\"height:20px\" aria-hidden=\"true\" class=\"wp-block-spacer\"><\/div>\n\n\n\n<div class=\"uni-box-destaque\">\n  <h4>\n    Para saber mais\n  <\/h4>\n  <p>\n    Quer saber mais sobre Educa\u00e7\u00e3o Aberta, <i>open source<\/i> e REAs?\n  <\/p>\n  <p>\n    Abaixo, indicamos alguns materiais que voc\u00ea pode acessar para aprender sobre esses temas e tamb\u00e9m descobrir outros reposit\u00f3rios e institui\u00e7\u00f5es que apoiam os REAs.\n  <\/p>\n  <ul>\n    <li>\n      <a href=\"http:\/\/www.abed.org.br\/arquivos\/Educacao_Aberta_Online_Pesquisar_Remixar_Compartilhar.pdf\" target=\"_blank\" rel=\"noopener noreferrer\">Educa\u00e7\u00e3o Aberta Online: Pesquisar, Remixar e Compartilhar<\/a>\n      <p>Livro organizado por Fredric M. Litto e Jo\u00e3o Mattar. Aborda desde educa\u00e7\u00e3o aberta e formas de utiliza\u00e7\u00e3o de REAs at\u00e9 acessibilidade e uso de tecnologias assistivas na educa\u00e7\u00e3o online.\n      <\/p>\n    <\/li>\n    <li>\n      <a href=\"http:\/\/www.aberta.org.br\/livrorea\/livro\/home.html\" target=\"_blank\" rel=\"noopener noreferrer\">Recursos Educacionais Abertos: Pr\u00e1ticas Colaborativas e Pol\u00edticas P\u00fablicas<\/a>\n      <p>\n      Organizado por Bianca Santana, Carolina Rossini e Nelson de Luca Pretto, o livro re\u00fane artigos de diversos autores, assim como relatos de experi\u00eancias, depoimentos e entrevistas.\n      <\/p>\n    <\/li>\n    <li>\n      <a href=\"https:\/\/oerworldmap.org\/resource\/?map=0.00000,42.28481,1\" target=\"_blank\" rel=\"noopener noreferrer\">Mapa Global de REA (OER World Map)<\/a>\n      <p>\n      Neste site, voc\u00ea tem acesso a diversas iniciativas de Open Education Resources (OER) pelo mundo &#8211; inclusive no Brasil.\n      <\/p>\n    <\/li>\n    <li>\n      <a href=\"https:\/\/unesdoc.unesco.org\/ark:\/48223\/pf0000227970\/PDF\/227970por.pdf.multi\" target=\"_blank\" rel=\"noopener noreferrer\">Recursos Educacionais Abertos no Brasil<\/a>\n      <p>\n      Material publicado pela Unesco em 2013, apresenta um panorama dos REAs no pa\u00eds, incluindo desafios e perspectivas para seu desenvolvimento e inova\u00e7\u00e3o.\n      <\/p>\n    <\/li>\n    <li>\n      <a href=\"https:\/\/unesdoc.unesco.org\/ark:\/48223\/pf0000232852\/PDF\/232852por.pdf.multi\" target=\"_blank\" rel=\"noopener noreferrer\">Diretrizes para Recursos Educacionais Abertos (REA) no Ensino Superior<\/a>\n      <p>\n      Mais um material da Unesco. Publicado em 2015, apresenta a\u00e7\u00f5es e par\u00e2metros para estimular governos e institui\u00e7\u00f5es a investir na produ\u00e7\u00e3o e uso de REAs.\n      <\/p>\n    <\/li>\n  <\/ul>\n<\/div>\n\n\n\n<p><\/p>\n","protected":false},"excerpt":{"rendered":"<p>O que \u00e9 REA? Podemos definir um Recurso Educacional Aberto como: \u201cMateriais de ensino, aprendizado e pesquisa em qualquer suporte ou m\u00eddia, que est\u00e3o sob dom\u00ednio p\u00fablico, ou est\u00e3o licenciados de maneira aberta, permitindo que sejam utilizados ou adaptados por terceiros. O uso de formatos t\u00e9cnicos abertos facilita o acesso &hellip;<\/p>\n","protected":false},"author":1,"featured_media":0,"parent":0,"menu_order":0,"comment_status":"closed","ping_status":"closed","template":"","meta":{"kt_blocks_editor_width":"","spay_email":"","footnotes":""},"class_list":["post-2922","page","type-page","status-publish","hentry"],"featured_image_urls":{"full":"","thumbnail":"","medium":"","medium_large":"","large":"","admin-rea-thumb":"","1536x1536":"","2048x2048":"","ab-block-post-grid-landscape":"","ab-block-post-grid-square":"","post-thumbnail":"","septera-featured":"","septera-featured-lp":"","septera-featured-half":"","septera-featured-third":"","septera-lpbox-1":"","septera-lpbox-2":""},"post_excerpt_stackable":"<p>O que \u00e9 REA? Podemos definir um Recurso Educacional Aberto como: \u201cMateriais de ensino, aprendizado e pesquisa em qualquer suporte ou m\u00eddia, que est\u00e3o sob dom\u00ednio p\u00fablico, ou est\u00e3o licenciados de maneira aberta, permitindo que sejam utilizados ou adaptados por terceiros. O uso de formatos t\u00e9cnicos abertos facilita o acesso e o reuso potencial dos recursos publicados digitalmente. Recursos Educacionais Abertos podem incluir cursos completos, partes de cursos, m\u00f3dulos, livros did\u00e1ticos, artigos de pesquisa, v\u00eddeos, testes, software e qualquer outra ferramenta, material ou t\u00e9cnica que possa apoiar o acesso ao conhecimento\u201d UNESCO Mais do que um recurso ou um material&hellip;<\/p>\n","category_list":"","author_info":{"name":"univesp","url":"https:\/\/apps.univesp.br\/repositorio\/author\/univesp\/"},"comments_num":"0 coment\u00e1rio","featured_image_src":null,"featured_image_src_square":null,"uagb_featured_image_src":{"full":false,"thumbnail":false,"medium":false,"medium_large":false,"large":false,"admin-rea-thumb":false,"1536x1536":false,"2048x2048":false,"ab-block-post-grid-landscape":false,"ab-block-post-grid-square":false,"post-thumbnail":false,"septera-featured":false,"septera-featured-lp":false,"septera-featured-half":false,"septera-featured-third":false,"septera-lpbox-1":false,"septera-lpbox-2":false},"uagb_author_info":{"display_name":"univesp","author_link":"https:\/\/apps.univesp.br\/repositorio\/author\/univesp\/"},"uagb_comment_info":0,"uagb_excerpt":"O que \u00e9 REA? Podemos definir um Recurso Educacional Aberto como: \u201cMateriais de ensino, aprendizado e pesquisa em qualquer suporte ou m\u00eddia, que est\u00e3o sob dom\u00ednio p\u00fablico, ou est\u00e3o licenciados de maneira aberta, permitindo que sejam utilizados ou adaptados por terceiros. O uso de formatos t\u00e9cnicos abertos facilita o acesso &hellip;","jetpack_sharing_enabled":true,"jetpack_shortlink":"https:\/\/wp.me\/PawKEk-L8","jetpack-related-posts":[],"_links":{"self":[{"href":"https:\/\/apps.univesp.br\/repositorio\/wp-json\/wp\/v2\/pages\/2922","targetHints":{"allow":["GET"]}}],"collection":[{"href":"https:\/\/apps.univesp.br\/repositorio\/wp-json\/wp\/v2\/pages"}],"about":[{"href":"https:\/\/apps.univesp.br\/repositorio\/wp-json\/wp\/v2\/types\/page"}],"author":[{"embeddable":true,"href":"https:\/\/apps.univesp.br\/repositorio\/wp-json\/wp\/v2\/users\/1"}],"replies":[{"embeddable":true,"href":"https:\/\/apps.univesp.br\/repositorio\/wp-json\/wp\/v2\/comments?post=2922"}],"version-history":[{"count":107,"href":"https:\/\/apps.univesp.br\/repositorio\/wp-json\/wp\/v2\/pages\/2922\/revisions"}],"predecessor-version":[{"id":4721,"href":"https:\/\/apps.univesp.br\/repositorio\/wp-json\/wp\/v2\/pages\/2922\/revisions\/4721"}],"wp:attachment":[{"href":"https:\/\/apps.univesp.br\/repositorio\/wp-json\/wp\/v2\/media?parent=2922"}],"curies":[{"name":"wp","href":"https:\/\/api.w.org\/{rel}","templated":true}]}}